*x - 1100. What is the highest common divisor of x and 20?
20
Let b(l) = -312*l**3 + 11*l**2 - 38*l - 12. Let p be b(-4). What is the greatest common factor of 88 and p?
44
Let o be 12/24*1*9294 + -2. What is the highest common divisor of 20 and o?
5
Suppose 0 = k + 5*d - 431, -4*d - 2068 = -6*k + k. Suppose 88*q + k = 90*q. What is the highest common factor of 16 and q?
16
Let n = -572 + -26. Let a = -559 - n. Calculate the highest common factor of 9 and a.
3
Let v = -161 - -249. Suppose -90*y = -v*y + 46. Let l = -21 - y. Calculate the greatest common divisor of 12 and l.
2
Let p be ((-9)/4)/((-3)/60). Suppose -13*j - p = -18*j. What is the greatest common factor of j and 18?
9
Let i be 1*6 + 47424/52. Suppose r + o - 307 = 0, 4*o - i = -3*r + 2*o. What is the greatest common factor of r and 64?
16
Let n(s) = -47*s - 1814. Let w be n(-46). Calculate the greatest common factor of 120 and w.
12
Let u be 2/(-2)*(-102)/6. Suppose -440 = -37*s + u*s. Suppose -3*x + 2 = 4*y, 2*y - 8 = x - 2. Calculate the highest common factor of y and s.
2
Suppose 70*t - 38*t - 8960 = 0. What is the highest common factor of t and 336?
56
Let p = -51 + 3. Suppose 0 = 7*n + 425 - 45 + 61. Let q = p - n. What is the greatest common factor of 15 and q?
15
Let a(j) = -200*j - 240. Let f be a(-2). What is the highest common divisor of f and 48?
16
Let p = 1546 + 2289. What is the greatest common factor of p and 130?
65
Let l = 87 - 52. Let w = l - 33. Suppose -3*b - s + 109 = w*b, 65 = 3*b + s. What is the greatest common factor of 154 and b?
22
Let s(p) = -17*p - 47. Let c be s(-7). Suppose -48*f + 52*f = c. What is the greatest common divisor of f and 45?
9
Let s be (12948/624)/(1/148). Calculate the greatest common divisor of 1073 and s.
37
Suppose -18*b + 13362 = -13*b - 3*b. What is the highest common divisor of 102 and b?
51
Let t = -590 - -620. Suppose -27 = t*l - 957. Calculate the highest common factor of l and 2.
1
Suppose 3*v + 16 = 2*p + 638, 627 = 3*v - 3*p. Let r = 399 - v. Let k be -3*(44/10)/((-9)/r). Calculate the highest common factor of 26 and k.
26
Suppose -i + 16 = 4*a, 2*i = -3*a - a + 48. Let z(k) = 58*k**3 - 2*k**2 + 6*k - 4. Let o be z(1). Let u = 22 + o. What is the highest common factor of u and i?
16
Let p be 44/(-22) + (11 - 499)*(-3)/4. Calculate the greatest common factor of p and 3808.
28
Suppose -5*p + 204 = 7*t - 3*t, -216*p = -219*p. Let h be (3/(-5))/(1/(-20)*2). Calculate the greatest common factor of h and t.
3
Let w be (-66)/(-14) - 5 - 2006/(-14). What is the highest common divisor of 55 and w?
11
Let f(r) = r**3 - 23*r**2 + 4*r + 28. Let s be f(24). Let w = s + 81. Calculate the greatest common divisor of 22 and w.
11
Let x(c) = -6*c**2 + 4*c + 2. Let d be x(2). Let b = 22 + d. Calculate the greatest common factor of 216 and b.
8
Let n(l) = -l**3 - 6*l**2 - l + 6. Let g be n(-6). Suppose -16*s + 13*s = g. Let x be (17/s)/(4/(-16)). Calculate the greatest common divisor of x and 153.
17
Suppose 16 + 0 = 4*u. Suppose -2*h + r + 47 = -21, -u*r = -h + 20. Calculate the greatest common divisor of h and 162.
18
Let c = 53 - 51. Let y = c - -2. Suppose n + y*n - 90 = 5*i, 0 = 5*i + 10. Calculate the highest common divisor of 32 and n.
16
Let j = 5718 + -5645. What is the highest common divisor of j and 438?
73
Let o be 3 + 712/(-232) - (-197340)/348. Calculate the highest common divisor of o and 609.
21
Let z(k) = k**2 - 6*k. Let f be z(12). Suppose 6*s - 411 = 309. Calculate the highest common divisor of s and f.
24
Let t be (81/(-12))/((-582)/288 - -2). Calculate the highest common factor of t and 192.
12
Suppose -1305*y = -759*y - 5460. Let l = -36 - -21. Let k be ((-28)/3)/(2/l). Calculate the greatest common divisor of k and y.
10
Let k be (-3)/3 - (-45 - (-3)/3). Let c be (20/(-25))/((-2)/(-10)) + k. Calculate the greatest common divisor of 351 and c.
39
Let i be (8 + 6 + 316)/(27/18). What is the highest common factor of 1400 and i?
20
Let u(q) = 10*q**2 + q + 2. Let k be u(2). Suppose -171 = 22*c - 186*c + 6061. Let z = k - c. Calculate the greatest common factor of 6 and z.
6
Let n(m) = -4*m**3 + 123*m**2 - 32*m - 36. Let p be n(30). Calculate the greatest common factor of 1562 and p.
142
Suppose 2*i - 5*i + 2*m + 512 = 0, 2*i - 350 = -3*m. Let y = 200 - i. Let z = -105 - -147. Calculate the highest common divisor of y and z.
14
Suppose -12 = -10*g + 4*g. Let r be (3 - (g + 2))*-5. Suppose r*c - c - 116 = 0. Calculate the highest common divisor of c and 116.
29
Let x(o) = -o**3 - 5*o**2 - 35*o - 505. Let r be x(-9). Calculate the greatest common divisor of 4087 and r.
67
Let x be (12/9)/((-3)/(-108)). Let c(z) = z**3 + 12*z**2 - 11*z + 30. Let p be c(-13). Calculate the highest common factor of p and x.
4
Let r = 1948 + -1523. Calculate the highest common factor of r and 175.
25
Let p(b) = -b**3 - 10*b**2 - 18*b + 1. Let o be p(-8). Let l = 3 + o. Let z(a) = 2*a - 16. Let s be z(l). What is the greatest common divisor of 3 and s?
3
Let s(j) = 16*j**2 - j - 5. Let l be s(-3). Suppose -5*g + 2*x + 42 = -l, x = 5*g - 187. What is the greatest common divisor of g and 57?
19
Let u be ((-20)/(-6))/((-3)/9). Let t be ((-2)/5)/(u/(-25)). Let s be 29/174 + ((-118)/12)/t. Calculate the greatest common divisor of 5 and s.
5
Let f(g) = -33*g + 1627. Let k be f(48). What is the highest common divisor of k and 2107?
43
Let l be (306 - 371)*1/(-13) + 0 + 13. What is the highest common factor of l and 28458?
18
Let k = 5 - 0. Suppose -3*y + 26*z - 25*z + 136 = 0, -2*z - 228 = -k*y. Calculate the highest common divisor of y and 88.
44
Suppose 2*t = 4*t + q - 24, -5*t + 51 = -2*q. Suppose -4*h - 37 = 599. Let s = -82 - h. Calculate the greatest common divisor of t and s.
11
Let v(p) = p**3 + 87*p**2 - 462*p - 168. Let q be v(-92). Suppose 0 - 48 = -3*d. What is the greatest common divisor of d and q?
16
Let k(r) = -7*r**2 - 341*r - 232. Let w be k(-48). Suppose 20 = -0*f + 2*f. Suppose f*x - 128 = w*x. What is the greatest common divisor of 4 and x?
4
Let o(x) = -56*x - 315. Let u be o(-7). Calculate the highest common factor of u and 2002.
77
Suppose -z + 30 = 4*z. Suppose -5*s + 4 = -z. Suppose -s*q + 3*k = -4*q + 141, 3*q - 3*k = 189. Calculate the highest common divisor of 6 and q.
6
Suppose -310 - 125 = 5*u. Let w = -175 - -80. Let y = u - w. Calculate the greatest common factor of 184 and y.
8
Suppose 0 = -5*h + 15 - 0. Suppose -h*m - 216 = -4*m. Let y be 84/798 - (507/(-57) + -3). What is the greatest common factor of m and y?
12
Let d = 505 - -7. Suppose 5*i - 7 = 3. Let g be d/i - (6 + -1 - 1). Calculate the highest common factor of g and 36.
36
Suppose -109*x = -128*x + 345933. What is the highest common factor of 126 and x?
63
Let r be (-99 - (-2)/(-2))/(2 - (-12)/(-3)). What is the highest common divisor of 590 and r?
10
Let l(r) = r**2 - 33*r - 665. Let u be l(52). What is the highest common divisor of u and 561?
17
Let y = 635 - -572. What is the highest common divisor of 213 and y?
71
Let u be 54/135 + 1*1074/15. Suppose u = 3*f + s - 80, -2*s = -4. Calculate the highest common factor of 70 and f.
10
Let o = 54 - 31. Suppose -n + o = -40. Let l = -20 - -27. Calculate the greatest common divisor of l and n.
7
Suppose 7*f = 5*f + 16. Suppose 3*j = -j + f, -5*s = -3*j - 374. Suppose -4*w + 290 = -i, -5*i = -w - 3*i + s. Calculate the greatest common divisor of w and 8.
8
Let o(a) = -9*a + 325. Let v be o(34). Calculate the highest common factor of 2831 and v.
19
Let y be (88 - 7)*((-9)/27)/(1/(-1)). What is the highest common divisor of y and 16956?
27
Let t(v) = v**2 - 10*v + 3245. Let f be t(0). Suppose -3*d - 5*m = -f, 11 = -5*m + 1. Calculate the highest common factor of 35 and d.
35
Let s be (-384)/((-20)/(1500/45)). What is the greatest common factor of s and 180?
20
Let u(n) = n**2 + 15*n + 22. Let r be u(-14). Suppose r*g + 4*g = 84. Let t(s) = -3*s + 27. Let b be t(g). What is the greatest common divisor of b and 33?
3
Suppose 4*j - 57*t = -62*t + 10957, -3*j + 2*t + 8189 = 0. What is the greatest common divisor of 3 and j?
3
Let r = 235 + -251. Suppose 0 = -0*y - 3*y - 54. Let k = r - y. What is the greatest common factor of 22 and k?
2
Suppose 0 = -5*r + j + 11097, 5*j = -5*r + 8934 + 2181. What is the greatest commo